55?
15
Calculate the highest common factor of 4635 and 3555.
45
Calculate the greatest common divisor of 199080 and 35.
35
What is the greatest common divisor of 392787 and 63?
9
Calculate the greatest common divisor of 639 and 1349781.
213
What is the highest common divisor of 960 and 445020?
60
Calculate the highest common divisor of 18031 and 292.
73
What is the greatest common divisor of 171120 and 24?
24
Calculate the greatest common factor of 576 and 268272.
144
Calculate the highest common factor of 7224 and 4006912.
2408
What is the highest common factor of 9085 and 1035?
115
Calculate the highest common factor of 55208 and 93112.
824
Calculate the highest common divisor of 86800 and 280.
280
Calculate the highest common divisor of 150776 and 188.
188
Calculate the highest common factor of 2354 and 352.
22
Calculate the highest common divisor of 61122 and 610.
122
Calculate the highest common divisor of 22837 and 25.
1
Calculate the greatest common factor of 870 and 1109076.
174
Calculate the greatest common divisor of 12455 and 23735.
235
Calculate the highest common factor of 19285 and 1055.
5
What is the greatest common factor of 4 and 12434?
2
Calculate the greatest common divisor of 2046471 and 399.
399
Calculate the greatest common factor of 28 and 64281.
7
Calculate the greatest common divisor of 140 and 1182300.
140
What is the greatest common divisor of 952 and 12026?
14
Calculate the greatest common factor of 446 and 138037.
223
What is the highest common factor of 1475 and 242785?
295
What is the highest common divisor of 21957 and 156?
39
What is the greatest common factor of 6973260 and 105?
105
Calculate the greatest common factor of 133930 and 590.
590
Calculate the highest common divisor of 675547 and 3425.
137
Calculate the highest common divisor of 1104 and 4922.
46
Calculate the greatest common divisor of 77165 and 440.
55
What is the highest common factor of 96792 and 592?
296
Calculate the greatest common divisor of 620 and 3170.
10
Calculate the greatest common factor of 508 and 57404.
508
Calculate the highest common divisor of 123926 and 2.
2
What is the highest common divisor of 47593 and 728?
91
Calculate the highest common factor of 763720 and 7930.
610
What is the greatest common divisor of 80304 and 14?
14
What is the highest common factor of 2755 and 195315?
145
Calculate the highest common divisor of 329021 and 77.
77
What is the greatest common factor of 39 and 100282?
13
Calculate the highest common factor of 242 and 49423.
11
What is the highest common factor of 34527 and 2?
1
What is the highest common factor of 528 and 40073?
11
Calculate the highest common divisor of 215 and 3265635.
215
Calculate the highest common divisor of 2249 and 65.
13
What is the greatest common divisor of 82400 and 128?
32
Calculate the highest common factor of 2 and 172022.
2
Calculate the greatest common divisor of 777 and 6242418.
777
Calculate the highest common divisor of 37458 and 1566.
18
What is the greatest common factor of 180 and 216090?
90
What is the highest common factor of 180 and 76740?
60
What is the highest common factor of 72642 and 6?
6
What is the greatest common factor of 1479 and 816?
51
What is the highest common divisor of 33777 and 139?
139
Calculate the greatest common divisor of 235 and 74072.
47
What is the highest common divisor of 492 and 156702?
246
What is the highest common factor of 1234 and 374519?
617
What is the highest common divisor of 42628 and 4?
4
What is the highest common factor of 579918 and 3534?
114
What is the greatest common divisor of 580105 and 1?
1
What is the highest common factor of 2112 and 165?
33
What is the greatest common divisor of 353451 and 21?
21
Calculate the greatest common divisor of 77 and 7315.
77
What is the highest common divisor of 12124 and 9604?
28
What is the greatest common factor of 779737 and 441?
49
What is the highest common divisor of 129328 and 57584?
944
Calculate the highest common divisor of 1153581 and 429.
429
What is the greatest common divisor of 300 and 2010?
30
What is the highest common factor of 2319545 and 1060?
265
What is the greatest common factor of 4 and 24364?
4
Calculate the highest common factor of 9213 and 55776.
249
Calculate the greatest common factor of 9850 and 1450.
50
What is the highest common factor of 2304 and 89472?
384
What is the highest common divisor of 305 and 145?
5
Calculate the highest common divisor of 608 and 77520.
304
Calculate the highest common divisor of 29358 and 2268.
126
Calculate the greatest common factor of 235 and 86151.
47
What is the greatest common factor of 214 and 83674?
214
What is the greatest common divisor of 29580 and 56550?
870
What is the greatest common divisor of 774 and 3123?
9
What is the greatest common divisor of 29 and 3142063?
29
Calculate the highest common factor of 44 and 34056.
44
What is the highest common factor of 343 and 39641?
49
Calculate the highest common divisor of 34698 and 336.
6
Calculate the greatest common divisor of 9197 and 391.
17
What is the greatest common divisor of 1282124 and 74?
74
What is the greatest common factor of 72 and 6584?
8
What is the greatest common factor of 7 and 541?
1
Calculate the greatest common divisor of 21 and 31359.
3
What is the highest common divisor of 69848 and 8?
8
What is the greatest common factor of 40122 and 37150?
1486
Calculate the greatest common divisor of 34 and 337297.
17
Calculate the greatest common divisor of 302190 and 280.
70
Calculate the highest common divisor of 185424 and 48.
48
What is the greatest common divisor of 213 and 322198?
71
What is the highest common divisor of 212500 and 68?
68
Calculate the highest common divisor of 447 and 5525069.
149
What is the highest common divisor of 135542 and 808?
202
What is the highest common factor of 5829 and 603?
201
What is the highest common factor of 1640 and 60296?
8
Calculate the highest common factor of 2368540 and 6118.
874
What is the highest common factor of 75 and 14064?
3
Calculate the highest common divisor of 846 and 74730.
282
Calculate the highest common factor of 22167 and 170768.
821
What is the greatest common factor of 4 and 155912?
4
What is the highest common factor of 4028 and 15200?
76
What is the greatest common factor of 180 and 3214440?
180
What is the greatest common divisor of 1969472 and 64?
64
What is the highest common divisor of 5337 and 369?
9
Calculate the greatest common divisor of 152 and 20767.
19
What is the highest common factor of 5975 and 19359?
239
Calculate the highest common factor of 25718 and 8470.
154
What is the highest common factor of 201703 and 503?
503
What is the highest common divisor of 273 and 60957?
39
Calculate the greatest common divisor of 2610160 and 35.
35
What is the highest common divisor of 5538 and 1274?
26
What is the highest common divisor of 14872 and 2717?
143
What is the greatest common factor of 83 and 2852627?
83
Calculate the highest common divisor of 2477968 and 4.
4
Calculate the greatest common factor of 80 and 926.
2
Calculate the greatest common factor of 15744 and 11603.
41
Calculate the greatest common divisor of 80166 and 2511.
93
What is the greatest common factor of 94716 and 36?
36
Calculate the highest common factor of 188 and 3572.
188
What is the greatest common divisor of 38590 and 340?
170
Calculate the greatest common divisor of 714 and 19414.
34
What is the greatest common divisor of 1151872 and 384?
128
What is the greatest common factor of 14 and 88718?
14
What is the highest common factor of 449920 and 1850?
370
What is the highest common factor of 219940 and 3780?
140
What is the highest common divisor of 791506 and 4?
2
What is the greatest common factor of 3168918 and 18?
18
What is the greatest common divisor of 32 and 61059?
1
What is the greatest common divisor of 286 and 71324?
22
Calculate the highest common divisor of 30250 and 778030.
1210
Calculate the highest common factor of 2760 and 15732.
276
Calculate the greatest common divisor of 69139 and 196.
49
What is the greatest common factor of 95 and 14711035?
95
Calculate the highest common divisor of 13 and 781.
1
What is the highest common factor of 821 and 146959?
821
Calculate the greatest comm